s the units digit of f?
2
What is the tens digit of (-21)/6*60/(-21)?
1
Let h = 442 - 193. What is the hundreds digit of h?
2
Suppose -4 = 4*x + r + 12, r = -2*x - 6. Let s(l) = -l**3 + 13*l**2 - 12. Let f be s(13). What is the units digit of x*-1*f/(-10)?
6
Suppose 5*v = -2*j + 172 + 308, -4*v - 4*j = -384. What is the units digit of v?
6
Suppose -4*j + 346 = -266. What is the hundreds digit of j?
1
Let s be 1 + 5/(-6 + 1). Let z be 2/(-4)*(1 - 7). Let r = z + s. What is the units digit of r?
3
Let j(w) = -6 + 6 + w + 9. Let u be j(7). Suppose 3*c - u = -1. What is the units digit of c?
5
Let c = 63 - 28. Let k = c - 22. What is the tens digit of k?
1
Let v(i) = -i**3 - 11*i**2 - 13*i. Let g be v(-10). Suppose s - 25 = -5*a + 2*a, 3*s - g = -4*a. What is the units digit of a?
9
Suppose 0 = v + 2, v + 154 = 3*z + 5*v. What is the units digit of z?
4
Let i be (8/3)/((-1)/3). Let x = i - -6. What is the units digit of -1 + -1 + 6 + x?
2
Suppose 6*c - 422 = 988. What is the hundreds digit of c?
2
Let p(z) = -4*z**3 - 2*z**2 + 2*z + 1. Suppose 2*g + 4 = 3*c + 4*g, -2*g + 10 = 0. What is the units digit of p(c)?
1
Suppose 4*k = -5*y - 73, 8*k - 3*k + 5*y = -85. What is the units digit of (-3)/k + 11/4?
3
Let g(y) = 14*y**2 - y + 1. Let r(z) = z**3 + 6*z**2 - 7*z + 1. Let f be r(-7). What is the units digit of g(f)?
4
Let f be 1/(-1*3/15). Let o(x) = 2*x - 1. Let s(d) = d - 1. Let z(m) = f*s(m) + 3*o(m). What is the units digit of z(6)?
8
Let a be 3/(-12) - (-9)/(-12). Let u be (3/(-6))/(a/36). Suppose -4*f + u + 18 = 0. What is the units digit of f?
9
Let s(q) = -q**2 - 7*q - 1. Let o be s(-6). Let j be (0 + 2)/((-10)/(-15)). What is the units digit of (j/15 + 1)*o?
6
Let t = -22 + 0. Let u = t + 49. Let i = u - 15. What is the units digit of i?
2
Suppose 0 = -0*g + 4*g - 244. What is the units digit of g?
1
Suppose -2*c - r + 47 = 0, 0*r - 29 = -2*c + 5*r. What is the units digit of c?
2
Let o(w) = -13*w - 18. What is the units digit of o(-6)?
0
Suppose -4*s - 2*n + 48 = 0, 7*s - 3*s - 38 = 3*n. Suppose 3*p - 11 = 2*u, -5*u + p + 3*p - 31 = 0. Let l = s + u. What is the units digit of l?
4
Let s(p) = -p + 8 - 4*p + 12. What is the tens digit of s(-7)?
5
Suppose 0 = 3*q + 5*p - 74, 3*q - 2*p - 88 = -0*q. What is the units digit of q - (1 - (1 - 2))?
6
Suppose 0 = n - c + 2, -3*c = -2*n - 0*n. Let b = 30 + -7. What is the units digit of n/2 + b + -1?
9
Let f(v) = 10*v - 6. What is the tens digit of f(2)?
1
What is the units digit of 1*-4 + (1 - 2)*-10?
6
Let q(a) = a**3 + 6*a**2 + 2. Let i be q(-6). Let c be 4 + -2 + i/1. Let k = 8 - c. What is the units digit of k?
4
Let c be (0/(-3))/(0 + -1). Suppose 2*t = -4*q + 1 - 3, c = 2*t - q + 12. Let b = 10 + t. What is the units digit of b?
5
Suppose -4*x - 708 = -8*x. What is the tens digit of x?
7
Suppose 3*h - 6 = -2*q, 0*h + h - 4*q = 2. What is the units digit of (-3)/(-3)*(0 + h)?
2
Suppose 0 = -n + 2*n - 228. What is the hundreds digit of n?
2
Let q(i) = 9*i**2 + 2*i - 3. Let j(c) = c**3 - c + 2. Let w be j(0). What is the tens digit of q(w)?
3
Let q = 14 - 10. Suppose -3*w + q*j + 7 = 0, 3*j + 8 = 7*j. What is the units digit of (-2 - -7)*8/w?
8
Let m be (-57)/(-2)*(-12)/(-9). Suppose -z = -4*g - 19, -2*z = -2*g + 7*g - m. What is the units digit of z?
9
Suppose 94*k = 96*k - 698. What is the hundreds digit of k?
3
Let f(u) = 16 - 17 + 2*u**2 - u**2 - u. What is the tens digit of f(-3)?
1
Let m = 1 - 1. Let k(y) = -y + 17. What is the tens digit of k(m)?
1
Let s be (-2 + 4)*18/4. Suppose 0 = -2*l + s + 1. What is the units digit of l?
5
Suppose 2*t + 5 = 3*t. Suppose -4*w = w - 20. Let b = w + t. What is the units digit of b?
9
Suppose -3*c + 504 = c. What is the units digit of c?
6
Let u be 2/(-8) - (-27)/12. Let k(c) = -2*c**2 + 2*c - 1. Let z be k(u). Let t = z + 14. What is the units digit of t?
9
Suppose 4*d + l = 4*l + 3, -2*l = 4*d + 2. Let y = 5 + d. Let a(c) = c**2 - 4*c. What is the units digit of a(y)?
5
Let d be (2 + 1 + -3)*-1. Let r = 6 - 1. Let k = d + r. What is the units digit of k?
5
Let a(b) = b**2 + 5*b + 3. Let g be a(-5). Let u be 3/6 + 6/4. What is the units digit of (u/3)/(2/g)?
1
Let v(j) = -2*j**3 - 2. What is the units digit of v(-3)?
2
Let n = -4 - -1. Let x be (-3)/(n/32) + -3. Suppose x - 9 = 4*i. What is the units digit of i?
5
Let t = 380 - 259. What is the hundreds digit of t?
1
Suppose c - 122 = -c - 3*m, 4*c - 4*m - 264 = 0. What is the tens digit of c?
6
Suppose -5*s - 155 = 3*x, 2*s = 3*x + x - 36. What is the units digit of 0/(3 + 0) - s?
8
Suppose g = 4*g + b - 11, 2*g - 24 = -4*b. Suppose -g = 2*f - 4. What is the units digit of (f + 3)*(-15)/(-12)?
5
Suppose -344 = -8*t + 120. What is the units digit of t?
8
Let j = -99 - -265. What is the tens digit of j?
6
Let q(x) = 20*x - 1. Let k be q(9). Suppose 5*o - k - 1 = 0. What is the tens digit of o?
3
Let r be (-3)/(-6)*-6 - -42. Let y = -26 + r. Let t = 23 - y. What is the units digit of t?
0
Let h(o) = 19*o - 36. What is the units digit of h(8)?
6
Let s = -66 + 108. What is the tens digit of s?
4
Let k be 1*(3 + 0/3). Suppose 2*j - 2*a + k*a = 23, 15 = -5*a. What is the tens digit of j?
1
Suppose -4*x - x = -4*b - 27, -5*b = -2*x + 21. Suppose -x*h + 7 = -2. What is the units digit of h?
3
Suppose -3*m - 2*m + 500 = -3*q, 0 = 2*m + 5*q - 200. What is the units digit of m?
0
Let n(l) = -l**3 - 14*l**2 - l + 4. Suppose 3*c = -37 - 5. What is the tens digit of n(c)?
1
Suppose -4*o - 12 = -2*y, 4*o + 32 = -3*y - 0*o. Let n be 4/(-2)*10/y. Suppose 4*d - 50 = -d + n*z, 25 = -5*z. What is the units digit of d?
5
Let j(g) = -g**3 + 12*g**2 - 12*g - 2. Let f be j(11). What is the units digit of f/39 + (-314)/(-6)?
2
Let j(z) = 6*z**2 - 7*z + 1. What is the tens digit of j(5)?
1
Suppose -6*p + 131 = -991. What is the units digit of p?
7
Let a be 1 + 150 + (-2 - -1). Suppose -a = -10*m + 5*m. What is the units digit of (-2)/(-8) - m/(-8)?
4
What is the units digit of (-3)/(-2)*-2 - -364?
1
Suppose 0 = x + d - 104, -2*x + 3*d - 418 = -6*x. What is the units digit of x?
6
Let d(t) = 5*t - 7. What is the units digit of d(2)?
3
Let d(y) be the second derivative of -1/2*y**2 + 0 - y + 0*y**3 + 1/2*y**4. What is the units digit of d(1)?
5
Suppose -16 = 4*z, 4*d - 5 = 3*z - 89. Let b = d - -41. What is the tens digit of b?
1
Let f(x) = -x**2 + 7*x - 6. Let o be f(5). Suppose o*a + 2*n - 5*n - 100 = 0, 3*a - 3*n = 78. What is the tens digit of a?
2
Let z = 156 - 97. What is the tens digit of z?
5
Let i be 63/5 - (-2)/5. Let n = 17 - i. What is the units digit of n?
4
Suppose 5 = -4*y + 1. Let b = y + 13. What is the units digit of b?
2
What is the units digit of 627/9*4 - (-12)/(-18)?
8
Let y(z) = z**3 + 8*z**2 - 9*z - 8. Let v be y(-9). Let f be 16/(-6)*(-18)/v. Let s(j) = -j**3 - 6*j**2 - j - 5. What is the units digit of s(f)?
1
Suppose -5*l - 3*r + 2*r = -261, 3*r - 147 = -3*l. What is the units digit of l?
3
Suppose 60 = 2*x - 4*s, -x - 2*x = 2*s - 106. Suppose -i = -3*i + x. What is the units digit of i?
7
Suppose -2*o + 20 = -0*n + 4*n, 4*n = -3*o + 24. Suppose 0 = -n*b - h + 35, b + 11 = 2*b + h. What is the tens digit of b?
1
Let f be (-1)/2*0 + 2. Suppose 5*c - 7*p + f*p = 15, 0 = 3*c - 5*p - 9. What is the units digit of c?
3
Suppose -6*f - 4*u - 784 = -10*f, 0 = -4*u. What is the hundreds digit of f?
1
Suppose -14 + 89 = 3*b. What is the tens digit of (b/3)/((-2)/(-6))?
2
Let p = -22 - -16. Let k(b) = b. Let r(j) = -j + 1. Let m(n) = -6*k(n) - 4*r(n). What is the units digit of m(p)?
8
Let w = 74 - 162. Let r = -40 - w. What is the units digit of r?
8
Suppose -1 - 1 = x + 5*f, -5*x + 102 = -3*f. What is the tens digit of x?
1
Suppose -4*p = -5*p - 5. What is the units digit of 172/20 - 2/p?
9
What is the tens digit of 268/2*(-2)/(-4)?
6
Let v(o) = -o**2 - 14*o - 10. Let k(x) = x**2 + 14*x + 11. Let y(q) = 2*k(q) + 3*v(q). What is the tens digit of y(-8)?
4
Suppose m = -1 + 8. What is the units digit of m?
7
Suppose 3*l = l. Suppose l = 3*p + 4*i - 59, -2*p + 0*i + 38 = 3*i. Let d = -18 + p. What is the units digit of d?
7
Suppose -6*l - 147 = -13*l. What is the tens digit of l?
2
Suppose -2*w + 3*w - 36 = 4*v, -4*v = 2*w + 36. Suppose -4*p = -0*p + 4. Let x = p - v. What is the units digit of x?
8
Let t be -2